{"id":8,"date":"2014-08-18T12:23:34","date_gmt":"2014-08-18T12:23:34","guid":{"rendered":"http:\/\/www.nachhaltigkeit-ingna.ch\/wordpress\/wordpress\/wordpress\/wordpresswordpress\/?page_id=8"},"modified":"2022-11-08T11:32:06","modified_gmt":"2022-11-08T10:32:06","slug":"bauberatung","status":"publish","type":"page","link":"https:\/\/www.nachhaltigkeit-ingna.ch\/wordpress\/bauberatung\/","title":{"rendered":"BAUBERATUNG"},"content":{"rendered":"<div style='padding-bottom:10px;color:#1e2a68;' class='av-special-heading av-special-heading-h1 custom-color-heading blockquote modern-quote  '><h1 class='av-special-heading-tag'  itemprop=\"headline\"  >Bauberatung<\/h1><div class='special-heading-border'><div class='special-heading-inner-border' style='border-color:#1e2a68'><\/div><\/div><\/div>\n<section class=\"av_textblock_section\"  itemscope=\"itemscope\" itemtype=\"https:\/\/schema.org\/CreativeWork\" ><div class='avia_textblock '   itemprop=\"text\" ><h4>Ein gesundes Haus f\u00fcr ein gesundes Leben. Gr\u00f6sster Nutzen und somit Freude an der Immobilie f\u00fcr die Dauer Ihres gesamten Lebens. H\u00f6chste Rendite im Life Cycle durch Schadstoff-Armut.<\/h4>\n<\/div><\/section>\n<div style='height:30px' class='hr hr-invisible '><span class='hr-inner ' ><span class='hr-inner-style'><\/span><\/span><\/div>\n<div class='avia-image-container  av-styling-   avia-align-left '  itemscope=\"itemscope\" itemtype=\"https:\/\/schema.org\/ImageObject\"  ><div class='avia-image-container-inner'><img class='avia_image ' src='https:\/\/www.nachhaltigkeit-ingna.ch\/wordpress\/wp-content\/uploads\/2015\/01\/X_Home_Bauberatung_2.jpg' alt='Bauberatung ingna' title='Bauberatung ingna'   itemprop=\"contentURL\"  \/><\/div><\/div>\n<div style='height:30px' class='hr hr-invisible '><span class='hr-inner ' ><span class='hr-inner-style'><\/span><\/span><\/div>\n<section class=\"av_textblock_section\"  itemscope=\"itemscope\" itemtype=\"https:\/\/schema.org\/CreativeWork\" ><div class='avia_textblock '   itemprop=\"text\" ><p>Unter den vielen grossen Themen des <strong>Nachhaltigen Bauens<\/strong> stehen oft die Themen\u00a0 der <strong>bauchemischen Ausgasungen<\/strong> (gutes Innenraumklima) und <strong>elektromagnetischen Felder<\/strong> (EMF\/Elektrosmog) als Stiefkinder hintenan. Der feine Dialog zwischen Baumaterial und Technik und Innenraumnutzer oder einer Auflage eines Bau-Nachhaltigkeitslabels ist unser Schwerpunkt in der Bauberatung.<\/p>\n<p><strong>Wie wollen Sie uns nennen?<\/strong><br \/>\nObwohl wir diese Themen seit 2001 wissenschaftlich und professionell messen und beraten, gibt es noch keine eindeutige Berufsbezeichnung:<\/p>\n<ul>\n<li><strong>Expert*In des gesunden und Nachhaltigen Bauens<\/strong><\/li>\n<li>Berater des Nachhaltigen Bauens<\/li>\n<li>Umweltanalytiker \/ Geb\u00e4ude-Diagnostiker<\/li>\n<li>Baubiologe<\/li>\n<li>Wohn-Gesundheitsberater<\/li>\n<li>Innenraum-Wellness-Coach<\/li>\n<li>Haus-Fl\u00fcsterer<\/li>\n<\/ul>\n<p>Die richtige und insbesondere<strong> fr\u00fchzeitige Planung<\/strong> genau dieser Themen er\u00f6ffnet ein riesiges <strong>Sparpotenzial<\/strong> bei der Umsetzung.<\/p>\n<\/div><\/section>\n<div style='padding-bottom:5px;color:#1e2a68;' class='av-special-heading av-special-heading-h2 custom-color-heading blockquote modern-quote  '><h2 class='av-special-heading-tag'  itemprop=\"headline\"  >Nachhaltige Bauten haben enormes Marktpotential<\/h2><div class='special-heading-border'><div class='special-heading-inner-border' style='border-color:#1e2a68'><\/div><\/div><\/div>\n<section class=\"av_textblock_section\"  itemscope=\"itemscope\" itemtype=\"https:\/\/schema.org\/CreativeWork\" ><div class='avia_textblock '   itemprop=\"text\" ><p>Ob bei <a title=\"Neubau Nachhaltige Geb\u00e4ude\" href=\"https:\/\/www.nachhaltigkeit-ingna.ch\/bauberatung\/neubau-nachhaltige-gebaeude\/\">Neubauten<\/a> oder bei <a title=\"Umbau, Geb\u00e4udesanierung\" href=\"https:\/\/www.nachhaltigkeit-ingna.ch\/bauberatung\/umbau-gebaeudesanierung\/\">Umbauten \/ Geb\u00e4udesanierungen<\/a>, die Beachtung dieser Themen ist ausschlaggebend, wie echt nachhaltig Ihre Immobilie wird und so die h\u00f6chsten Wert und Rendite \u00fcber den gesamten Life-Cycle beh\u00e4lt.<\/p>\n<p><strong>Die Lebenszyklus-Analysen: LCC und LCA<br \/>\n<\/strong>(<strong>L<\/strong>ife-<strong>C<\/strong>ycle <strong>A<\/strong>nalysis &amp; <strong>Li<\/strong>fe-<strong>C<\/strong>ycle <strong>C<\/strong>osts )<\/p>\n<p>Diese zwei Themengebiete bearbeiten wir intensiv, um Ihnen als Bauinvestor \/ Bauherr die Grundvoraussetzungen geben zu k\u00f6nnen, auch auf der finanziellen Seite die gr\u00f6sste &#8222;wellness&#8220; am Geb\u00e4ude haben zu k\u00f6nnen. F\u00fcr die Schadstoffe sind wir die Profis, und mit dem gesamten Wissen \u00fcber die einzelnen Punkte des Nachhaltigkeits- Nachweises k\u00f6nnen wir f\u00fcr Sie die <strong>EINE<\/strong> Ansprechadresse f\u00fcr das Netzwerk der Fachingenieurb\u00fcros sein.<\/p>\n<\/div><\/section>\n<div class='avia-button-wrap avia-button-left '><a href='https:\/\/www.nachhaltigkeit-ingna.ch\/wordpress\/ueber-ingna\/kontaktseite\/' class='avia-button  avia-icon_select-no avia-color-theme-color avia-size-medium avia-position-left '  target=\"_blank\"   ><span class='avia_iconbox_title' >Kontaktieren Sie uns<\/span><\/a><\/div>\n<div style='padding-bottom:5px;color:#1e2a68;' class='av-special-heading av-special-heading-h2 custom-color-heading blockquote modern-quote  '><h2 class='av-special-heading-tag'  itemprop=\"headline\"  >Raummonitoring<\/h2><div class='special-heading-border'><div class='special-heading-inner-border' style='border-color:#1e2a68'><\/div><\/div><\/div>\n<section class=\"av_textblock_section\"  itemscope=\"itemscope\" itemtype=\"https:\/\/schema.org\/CreativeWork\" ><div class='avia_textblock '   itemprop=\"text\" ><p><a href=\"https:\/\/www.nachhaltigkeit-ingna.ch\/wordpress\/bauberatung\/raummonitoring-airthings\/\">Airthings for business <\/a>heisst die Antwort auf viele Fragen, was mit der Qualit\u00e4t von R\u00e4umen im Verlauf des Jahres passiert.<br \/>\nUnsere \u00abSchweizer Offiziermesser der Raumsensoren\u00bb liefern Ihnen die Daten, die Sie ben\u00f6tigen um R\u00e4ume energieminimal und mit gesundem Innenraumklima zu f\u00fchren. Alle \u00fcblichen Geb\u00e4ude-Automations-Programme (GLT\/GA) k\u00f6nnen die Daten \u00fcbernehmen und weiterverarbeiten.<\/p>\n<p><strong>Die Zukunft hat begonnen<\/strong><br \/>\nDas <em>Raummonitoring<\/em> wird in Zukunft immer wichtiger f\u00fcr Sie als Immobilienhalter\/Immobilienportfolio \u2013 Leiter bez\u00fcglich:<\/p>\n<ul>\n<li>Geb\u00e4udelabel-Nachweise und deren Re-Audits<\/li>\n<li><a href=\"https:\/\/www.nachhaltigkeit-ingna.ch\/wordpress\/bauberatung\/raummonitoring-airthings\/\">ESG \u2013 Taxonomie<\/a> ( Evironmental-Social-Gouvernance) Reporting<\/li>\n<\/ul>\n<\/div><\/section>\n<section class=\"av_textblock_section\"  itemscope=\"itemscope\" itemtype=\"https:\/\/schema.org\/CreativeWork\" ><div class='avia_textblock '   itemprop=\"text\" ><p>Wir haben die L\u00f6sung f\u00fcr die bereits gebauten Innenr\u00e4ume, wie auch Neubauplanungen.<\/p>\n<\/div><\/section>\n<div class='avia-button-wrap avia-button-left '><a href='https:\/\/www.nachhaltigkeit-ingna.ch\/wordpress\/ueber-ingna\/kontaktseite\/' class='avia-button  avia-icon_select-no avia-color-theme-color avia-size-medium avia-position-left '  target=\"_blank\"   ><span class='avia_iconbox_title' >Kontaktieren Sie uns<\/span><\/a><\/div>\n<div style='padding-bottom:5px;color:#1e2a68;' class='av-special-heading av-special-heading-h2 custom-color-heading blockquote modern-quote  '><h2 class='av-special-heading-tag'  itemprop=\"headline\"  >Sie wollen eine schadstoffarme und gesunde Immobilie!<\/h2><div class='special-heading-border'><div class='special-heading-inner-border' style='border-color:#1e2a68'><\/div><\/div><\/div>\n<section class=\"av_textblock_section\"  itemscope=\"itemscope\" itemtype=\"https:\/\/schema.org\/CreativeWork\" ><div class='avia_textblock '   itemprop=\"text\" ><h4><\/h4>\n<p>Egal auf welcher Qualit\u00e4ts-Stufe der Nachhaltigkeit Sie Ihre Immobilie strategisch ausrichten, sei es minergie\u00ae ECO\u00ae ,\u00a0 SNBS, oder ein Internationales Label wie DGNB\u00ae, LEED\u00ae, BREEAM\u00ae oft werden die Innenraumklima-Themen zum <strong>KILLER- Kriterium (?)<\/strong> f\u00fcr Ihr angestrebtes Label &#8211; Niveau!<br \/>\nUnsere Erfahrung zeigt: Das muss nicht sein:<br \/>\nWir realisieren f\u00fcr Sie PLATIN &#8211; GOLD &#8211; SILBER oder BRONZE &#8211; garantiert.<\/p>\n<\/div><\/section>\n<div class='avia-button-wrap avia-button-left '><a href='https:\/\/www.nachhaltigkeit-ingna.ch\/wordpress\/ueber-ingna\/kontaktseite\/' class='avia-button  avia-icon_select-no avia-color-theme-color avia-size-medium avia-position-left '  target=\"_blank\"   ><span class='avia_iconbox_title' >Kontaktieren Sie uns<\/span><\/a><\/div>\n","protected":false},"excerpt":{"rendered":"","protected":false},"author":2,"featured_media":1167,"parent":0,"menu_order":0,"comment_status":"closed","ping_status":"open","template":"","meta":{"footnotes":""},"_links":{"self":[{"href":"https:\/\/www.nachhaltigkeit-ingna.ch\/wordpress\/wp-json\/wp\/v2\/pages\/8"}],"collection":[{"href":"https:\/\/www.nachhaltigkeit-ingna.ch\/wordpress\/wp-json\/wp\/v2\/pages"}],"about":[{"href":"https:\/\/www.nachhaltigkeit-ingna.ch\/wordpress\/wp-json\/wp\/v2\/types\/page"}],"author":[{"embeddable":true,"href":"https:\/\/www.nachhaltigkeit-ingna.ch\/wordpress\/wp-json\/wp\/v2\/users\/2"}],"replies":[{"embeddable":true,"href":"https:\/\/www.nachhaltigkeit-ingna.ch\/wordpress\/wp-json\/wp\/v2\/comments?post=8"}],"version-history":[{"count":60,"href":"https:\/\/www.nachhaltigkeit-ingna.ch\/wordpress\/wp-json\/wp\/v2\/pages\/8\/revisions"}],"predecessor-version":[{"id":4164,"href":"https:\/\/www.nachhaltigkeit-ingna.ch\/wordpress\/wp-json\/wp\/v2\/pages\/8\/revisions\/4164"}],"wp:featuredmedia":[{"embeddable":true,"href":"https:\/\/www.nachhaltigkeit-ingna.ch\/wordpress\/wp-json\/wp\/v2\/media\/1167"}],"wp:attachment":[{"href":"https:\/\/www.nachhaltigkeit-ingna.ch\/wordpress\/wp-json\/wp\/v2\/media?parent=8"}],"curies":[{"name":"wp","href":"https:\/\/api.w.org\/{rel}","templated":true}]}}