{"id":3808,"date":"2022-11-08T09:39:39","date_gmt":"2022-11-08T08:39:39","guid":{"rendered":"https:\/\/www.nachhaltigkeit-ingna.ch\/wordpress\/?page_id=3808"},"modified":"2024-02-02T19:29:15","modified_gmt":"2024-02-02T18:29:15","slug":"raummonitoring-airthings","status":"publish","type":"page","link":"https:\/\/www.nachhaltigkeit-ingna.ch\/wordpress\/bauberatung\/raummonitoring-airthings\/","title":{"rendered":"Raummonitoring &#038; Airthings"},"content":{"rendered":"<section class=\"av_textblock_section\"  itemscope=\"itemscope\" itemtype=\"https:\/\/schema.org\/CreativeWork\" ><div class='avia_textblock '   itemprop=\"text\" ><h1>Raummonitoring &amp; Airthings<\/h1>\n<h2>Happy New Y-Air 2024<\/h2>\n<h2>Auch dieses Jahr scheuen die Sensoren kein Vergleich<\/h2>\n<\/div><\/section>\n<div class='avia-image-container  av-styling-   avia-align-left '  itemscope=\"itemscope\" itemtype=\"https:\/\/schema.org\/ImageObject\"  ><div class='avia-image-container-inner'><img class='avia_image ' src='https:\/\/www.nachhaltigkeit-ingna.ch\/wordpress\/wp-content\/uploads\/2022\/11\/221109CH_AirthingsForBusinessSchweiz_IngnaGmbH_HLKS_MagazinFriscaldo210x80-3-pdf.jpg' alt='' title='221109CH_AirthingsForBusinessSchweiz_IngnaGmbH_HLKS_MagazinFriscaldo210x80'   itemprop=\"contentURL\"  \/><\/div><\/div>\n<div  class='hr hr-default '><span class='hr-inner ' ><span class='hr-inner-style'><\/span><\/span><\/div>\n<section class=\"av_textblock_section\"  itemscope=\"itemscope\" itemtype=\"https:\/\/schema.org\/CreativeWork\" ><div class='avia_textblock '   itemprop=\"text\" ><\/div><\/section>\n<div class='avia-image-container  av-styling-   avia-align-left '  itemscope=\"itemscope\" itemtype=\"https:\/\/schema.org\/ImageObject\"  ><div class='avia-image-container-inner'><img class='avia_image ' src='https:\/\/www.nachhaltigkeit-ingna.ch\/wordpress\/wp-content\/uploads\/2022\/11\/Airthings-for-Business-Solution_WEB-300x240.jpg' alt='' title='Airthings for Business - Solution_WEB'   itemprop=\"contentURL\"  \/><\/div><\/div>\n<section class=\"av_textblock_section\"  itemscope=\"itemscope\" itemtype=\"https:\/\/schema.org\/CreativeWork\" ><div class='avia_textblock '   itemprop=\"text\" ><h2>Ja, ich interessiere mich f\u00fcr die Raumluft-Sensoren!<\/h2>\n<div class='avia-button-wrap avia-button-left '><a href='https:\/\/www.nachhaltigkeit-ingna.ch\/wordpress\/ueber-ingna\/kontaktseite\/' class='avia-button  avia-icon_select-no avia-color-theme-color avia-size-large avia-position-left '   ><span class='avia_iconbox_title' >Kontaktieren Sie uns<\/span><\/a><\/div>\n<\/div><\/section>\n<div  class='hr hr-default '><span class='hr-inner ' ><span class='hr-inner-style'><\/span><\/span><\/div>\n<div class=\"flex_column av_one_half  flex_column_div av-zero-column-padding first  \" style='border-radius:0px; '><div class='avia-image-container  av-styling-   avia-align-left '  itemscope=\"itemscope\" itemtype=\"https:\/\/schema.org\/ImageObject\"  ><div class='avia-image-container-inner'><img class='avia_image ' src='https:\/\/www.nachhaltigkeit-ingna.ch\/wordpress\/wp-content\/uploads\/2022\/11\/AirthingsSpaceHub-1-300x300.jpg' alt='' title='AirthingsSpaceHub'   itemprop=\"contentURL\"  \/><\/div><\/div><\/div>\n<div class=\"flex_column av_one_half  flex_column_div av-zero-column-padding   \" style='border-radius:0px; '><section class=\"av_textblock_section\"  itemscope=\"itemscope\" itemtype=\"https:\/\/schema.org\/CreativeWork\" ><div class='avia_textblock '   itemprop=\"text\" ><h3 class=\"slide-entry-title entry-title\">Airthings Space Hub for Business<\/h3>\n<p>Das Herzst\u00fcck Ihres Airthings-\u00d6kosystems.<\/p>\n<p>Erm\u00f6glicht die Verteilung von Wave-Ger\u00e4ten innerhalb eines grossen Geb\u00e4udes, so dass IAQ-Daten in Echtzeit jederzeit und \u00fcberall f\u00fcr die Benutzer verf\u00fcgbar sind.<\/p>\n<\/div><\/section><\/div>\n<div  class='hr hr-default '><span class='hr-inner ' ><span class='hr-inner-style'><\/span><\/span><\/div>\n<div class=\"flex_column av_one_half  flex_column_div av-zero-column-padding first  \" style='border-radius:0px; '><div class='avia-image-container  av-styling-   avia-align-left '  itemscope=\"itemscope\" itemtype=\"https:\/\/schema.org\/ImageObject\"  ><div class='avia-image-container-inner'><img class='avia_image ' src='https:\/\/www.nachhaltigkeit-ingna.ch\/wordpress\/wp-content\/uploads\/2022\/11\/AirthingsSpacePro-300x300.jpg' alt='' title='AirthingsSpacePro'   itemprop=\"contentURL\"  \/><\/div><\/div><\/div>\n<div class=\"flex_column av_one_half  flex_column_div av-zero-column-padding   \" style='border-radius:0px; '><section class=\"av_textblock_section\"  itemscope=\"itemscope\" itemtype=\"https:\/\/schema.org\/CreativeWork\" ><div class='avia_textblock '   itemprop=\"text\" ><h3>Airthings Space Pro for Business<\/h3>\n<p>Mehr Sensoren, mehr Einsicht.<\/p>\n<p>Der umfassendste Raumluftqualit\u00e4tsmonitor in der Airthings for Business-L\u00f6sung, einschlie\u00dflich PM, L\u00e4rm und mehr. So haben Sie noch mehr Kontrolle \u00fcber Ihren Raum. Schaffen Sie auf einfache Weise gesunde, produktive und energieeffiziente Innenr\u00e4ume.<\/p>\n<\/div><\/section><\/div>\n<div  class='hr hr-default '><span class='hr-inner ' ><span class='hr-inner-style'><\/span><\/span><\/div>\n<div class=\"flex_column av_one_half  flex_column_div av-zero-column-padding first  \" style='border-radius:0px; '><div class='avia-image-container  av-styling-   avia-align-left '  itemscope=\"itemscope\" itemtype=\"https:\/\/schema.org\/ImageObject\"  ><div class='avia-image-container-inner'><img class='avia_image ' src='https:\/\/www.nachhaltigkeit-ingna.ch\/wordpress\/wp-content\/uploads\/2022\/11\/AirthingsSpaceCO2Mini-300x300.jpg' alt='' title='AirthingsSpaceCO2Mini'   itemprop=\"contentURL\"  \/><\/div><\/div><\/div>\n<div class=\"flex_column av_one_half  flex_column_div av-zero-column-padding   \" style='border-radius:0px; '><section class=\"av_textblock_section\"  itemscope=\"itemscope\" itemtype=\"https:\/\/schema.org\/CreativeWork\" ><div class='avia_textblock '   itemprop=\"text\" ><h3>Airthings Space CO2 Mini for Business<\/h3>\n<p>Zunehmend bedeutsame und vorgeschriebene Erfassung des CO2-Pegels in Bildungseinrichtungen, \u00f6ffentlichen Geb\u00e4uden und B\u00fcror\u00e4umen.<\/p>\n<\/div><\/section><\/div>\n<div  class='hr hr-default '><span class='hr-inner ' ><span class='hr-inner-style'><\/span><\/span><\/div>\n<div class=\"flex_column av_one_half  flex_column_div av-zero-column-padding first  \" style='border-radius:0px; '><div class='avia-image-container  av-styling-   avia-align-left '  itemscope=\"itemscope\" itemtype=\"https:\/\/schema.org\/ImageObject\"  ><div class='avia-image-container-inner'><img class='avia_image ' src='https:\/\/www.nachhaltigkeit-ingna.ch\/wordpress\/wp-content\/uploads\/2022\/11\/AirthingsSpaceCO2-300x300.jpg' alt='' title='AirthingsSpaceCO2'   itemprop=\"contentURL\"  \/><\/div><\/div><\/div>\n<div class=\"flex_column av_one_half  flex_column_div av-zero-column-padding   \" style='border-radius:0px; '><section class=\"av_textblock_section\"  itemscope=\"itemscope\" itemtype=\"https:\/\/schema.org\/CreativeWork\" ><div class='avia_textblock '   itemprop=\"text\" ><h3>Airthings Space CO2 for Business<\/h3>\n<p>CO2 \u00dcberwachung leicht gemacht, f\u00fcr jedes Geb\u00e4ude, wo auch immer.<\/p>\n<\/div><\/section><\/div>\n<div  class='hr hr-default '><span class='hr-inner ' ><span class='hr-inner-style'><\/span><\/span><\/div>\n<div class=\"flex_column av_one_half  flex_column_div av-zero-column-padding first  \" style='border-radius:0px; '><div class='avia-image-container  av-styling-   avia-align-left '  itemscope=\"itemscope\" itemtype=\"https:\/\/schema.org\/ImageObject\"  ><div class='avia-image-container-inner'><img class='avia_image ' src='https:\/\/www.nachhaltigkeit-ingna.ch\/wordpress\/wp-content\/uploads\/2022\/11\/AirthingsSpaceRadon-300x300.jpg' alt='' title='AirthingsSpaceRadon'   itemprop=\"contentURL\"  \/><\/div><\/div><\/div>\n<div class=\"flex_column av_one_half  flex_column_div av-zero-column-padding   \" style='border-radius:0px; '><section class=\"av_textblock_section\"  itemscope=\"itemscope\" itemtype=\"https:\/\/schema.org\/CreativeWork\" ><div class='avia_textblock '   itemprop=\"text\" ><h3>Airthings Space Radon for Business<\/h3>\n<p>Der erste intelligente IAQ-Monitor mit Radonerkennung f\u00fcr alle Innenr\u00e4ume.<\/p>\n<p>Schaffen Sie ein ges\u00fcnderes und produktiveres Raumklima, indem Sie mit Wave Plus for Business \u00fcberwachen, was in Ihrer Atemluft enthalten ist.<\/p>\n<\/div><\/section><\/div>\n<section class=\"av_textblock_section\"  itemscope=\"itemscope\" itemtype=\"https:\/\/schema.org\/CreativeWork\" ><div class='avia_textblock '   itemprop=\"text\" ><h2>Ja, ich interessiere mich f\u00fcr die Raumluft-Sensoren!<\/h2>\n<div class='avia-button-wrap avia-button-left '><a href='https:\/\/www.nachhaltigkeit-ingna.ch\/wordpress\/ueber-ingna\/kontaktseite\/' class='avia-button  avia-icon_select-no avia-color-theme-color avia-size-large avia-position-left '   ><span class='avia_iconbox_title' >Kontaktieren Sie uns<\/span><\/a><\/div>\n<\/div><\/section>\n","protected":false},"excerpt":{"rendered":"","protected":false},"author":4,"featured_media":0,"parent":8,"menu_order":0,"comment_status":"closed","ping_status":"closed","template":"","meta":{"footnotes":""},"_links":{"self":[{"href":"https:\/\/www.nachhaltigkeit-ingna.ch\/wordpress\/wp-json\/wp\/v2\/pages\/3808"}],"collection":[{"href":"https:\/\/www.nachhaltigkeit-ingna.ch\/wordpress\/wp-json\/wp\/v2\/pages"}],"about":[{"href":"https:\/\/www.nachhaltigkeit-ingna.ch\/wordpress\/wp-json\/wp\/v2\/types\/page"}],"author":[{"embeddable":true,"href":"https:\/\/www.nachhaltigkeit-ingna.ch\/wordpress\/wp-json\/wp\/v2\/users\/4"}],"replies":[{"embeddable":true,"href":"https:\/\/www.nachhaltigkeit-ingna.ch\/wordpress\/wp-json\/wp\/v2\/comments?post=3808"}],"version-history":[{"count":82,"href":"https:\/\/www.nachhaltigkeit-ingna.ch\/wordpress\/wp-json\/wp\/v2\/pages\/3808\/revisions"}],"predecessor-version":[{"id":4168,"href":"https:\/\/www.nachhaltigkeit-ingna.ch\/wordpress\/wp-json\/wp\/v2\/pages\/3808\/revisions\/4168"}],"up":[{"embeddable":true,"href":"https:\/\/www.nachhaltigkeit-ingna.ch\/wordpress\/wp-json\/wp\/v2\/pages\/8"}],"wp:attachment":[{"href":"https:\/\/www.nachhaltigkeit-ingna.ch\/wordpress\/wp-json\/wp\/v2\/media?parent=3808"}],"curies":[{"name":"wp","href":"https:\/\/api.w.org\/{rel}","templated":true}]}}

<section class="av_textblock_section"  itemscope="itemscope" itemtype="https://schema.org/CreativeWork" ><div class='avia_textblock '   itemprop="text" ><h1>Raummonitoring &amp; Airthings</h1>
<h2>Happy New Y-Air 2024</h2>
<h2>Auch dieses Jahr scheuen die Sensoren kein Vergleich</h2>
</div></section>
<div class='avia-image-container  av-styling-   avia-align-left '  itemscope="itemscope" itemtype="https://schema.org/ImageObject"  ><div class='avia-image-container-inner'><img class='avia_image ' src='https://www.nachhaltigkeit-ingna.ch/wordpress/wp-content/uploads/2022/11/221109CH_AirthingsForBusinessSchweiz_IngnaGmbH_HLKS_MagazinFriscaldo210x80-3-pdf.jpg' alt='' title='221109CH_AirthingsForBusinessSchweiz_IngnaGmbH_HLKS_MagazinFriscaldo210x80'   itemprop="contentURL"  /></div></div>
<div  class='hr hr-default '><span class='hr-inner ' ><span class='hr-inner-style'></span></span></div>
<section class="av_textblock_section"  itemscope="itemscope" itemtype="https://schema.org/CreativeWork" ><div class='avia_textblock '   itemprop="text" ></div></section>
<div class='avia-image-container  av-styling-   avia-align-left '  itemscope="itemscope" itemtype="https://schema.org/ImageObject"  ><div class='avia-image-container-inner'><img class='avia_image ' src='https://www.nachhaltigkeit-ingna.ch/wordpress/wp-content/uploads/2022/11/Airthings-for-Business-Solution_WEB-300x240.jpg' alt='' title='Airthings for Business - Solution_WEB'   itemprop="contentURL"  /></div></div>
<section class="av_textblock_section"  itemscope="itemscope" itemtype="https://schema.org/CreativeWork" ><div class='avia_textblock '   itemprop="text" ><h2>Ja, ich interessiere mich für die Raumluft-Sensoren!</h2>
<div class='avia-button-wrap avia-button-left '><a href='https://www.nachhaltigkeit-ingna.ch/wordpress/ueber-ingna/kontaktseite/' class='avia-button  avia-icon_select-no avia-color-theme-color avia-size-large avia-position-left '   ><span class='avia_iconbox_title' >Kontaktieren Sie uns</span></a></div>
</div></section>
<div  class='hr hr-default '><span class='hr-inner ' ><span class='hr-inner-style'></span></span></div>
<div class="flex_column av_one_half  flex_column_div av-zero-column-padding first  " style='border-radius:0px; '><div class='avia-image-container  av-styling-   avia-align-left '  itemscope="itemscope" itemtype="https://schema.org/ImageObject"  ><div class='avia-image-container-inner'><img class='avia_image ' src='https://www.nachhaltigkeit-ingna.ch/wordpress/wp-content/uploads/2022/11/AirthingsSpaceHub-1-300x300.jpg' alt='' title='AirthingsSpaceHub'   itemprop="contentURL"  /></div></div></div>
<div class="flex_column av_one_half  flex_column_div av-zero-column-padding   " style='border-radius:0px; '><section class="av_textblock_section"  itemscope="itemscope" itemtype="https://schema.org/CreativeWork" ><div class='avia_textblock '   itemprop="text" ><h3 class="slide-entry-title entry-title">Airthings Space Hub for Business</h3>
<p>Das Herzstück Ihres Airthings-Ökosystems.</p>
<p>Ermöglicht die Verteilung von Wave-Geräten innerhalb eines grossen Gebäudes, so dass IAQ-Daten in Echtzeit jederzeit und überall für die Benutzer verfügbar sind.</p>
</div></section></div>
<div  class='hr hr-default '><span class='hr-inner ' ><span class='hr-inner-style'></span></span></div>
<div class="flex_column av_one_half  flex_column_div av-zero-column-padding first  " style='border-radius:0px; '><div class='avia-image-container  av-styling-   avia-align-left '  itemscope="itemscope" itemtype="https://schema.org/ImageObject"  ><div class='avia-image-container-inner'><img class='avia_image ' src='https://www.nachhaltigkeit-ingna.ch/wordpress/wp-content/uploads/2022/11/AirthingsSpacePro-300x300.jpg' alt='' title='AirthingsSpacePro'   itemprop="contentURL"  /></div></div></div>
<div class="flex_column av_one_half  flex_column_div av-zero-column-padding   " style='border-radius:0px; '><section class="av_textblock_section"  itemscope="itemscope" itemtype="https://schema.org/CreativeWork" ><div class='avia_textblock '   itemprop="text" ><h3>Airthings Space Pro for Business</h3>
<p>Mehr Sensoren, mehr Einsicht.</p>
<p>Der umfassendste Raumluftqualitätsmonitor in der Airthings for Business-Lösung, einschließlich PM, Lärm und mehr. So haben Sie noch mehr Kontrolle über Ihren Raum. Schaffen Sie auf einfache Weise gesunde, produktive und energieeffiziente Innenräume.</p>
</div></section></div>
<div  class='hr hr-default '><span class='hr-inner ' ><span class='hr-inner-style'></span></span></div>
<div class="flex_column av_one_half  flex_column_div av-zero-column-padding first  " style='border-radius:0px; '><div class='avia-image-container  av-styling-   avia-align-left '  itemscope="itemscope" itemtype="https://schema.org/ImageObject"  ><div class='avia-image-container-inner'><img class='avia_image ' src='https://www.nachhaltigkeit-ingna.ch/wordpress/wp-content/uploads/2022/11/AirthingsSpaceCO2Mini-300x300.jpg' alt='' title='AirthingsSpaceCO2Mini'   itemprop="contentURL"  /></div></div></div>
<div class="flex_column av_one_half  flex_column_div av-zero-column-padding   " style='border-radius:0px; '><section class="av_textblock_section"  itemscope="itemscope" itemtype="https://schema.org/CreativeWork" ><div class='avia_textblock '   itemprop="text" ><h3>Airthings Space CO2 Mini for Business</h3>
<p>Zunehmend bedeutsame und vorgeschriebene Erfassung des CO2-Pegels in Bildungseinrichtungen, öffentlichen Gebäuden und Büroräumen.</p>
</div></section></div>
<div  class='hr hr-default '><span class='hr-inner ' ><span class='hr-inner-style'></span></span></div>
<div class="flex_column av_one_half  flex_column_div av-zero-column-padding first  " style='border-radius:0px; '><div class='avia-image-container  av-styling-   avia-align-left '  itemscope="itemscope" itemtype="https://schema.org/ImageObject"  ><div class='avia-image-container-inner'><img class='avia_image ' src='https://www.nachhaltigkeit-ingna.ch/wordpress/wp-content/uploads/2022/11/AirthingsSpaceCO2-300x300.jpg' alt='' title='AirthingsSpaceCO2'   itemprop="contentURL"  /></div></div></div>
<div class="flex_column av_one_half  flex_column_div av-zero-column-padding   " style='border-radius:0px; '><section class="av_textblock_section"  itemscope="itemscope" itemtype="https://schema.org/CreativeWork" ><div class='avia_textblock '   itemprop="text" ><h3>Airthings Space CO2 for Business</h3>
<p>CO2 Überwachung leicht gemacht, für jedes Gebäude, wo auch immer.</p>
</div></section></div>
<div  class='hr hr-default '><span class='hr-inner ' ><span class='hr-inner-style'></span></span></div>
<div class="flex_column av_one_half  flex_column_div av-zero-column-padding first  " style='border-radius:0px; '><div class='avia-image-container  av-styling-   avia-align-left '  itemscope="itemscope" itemtype="https://schema.org/ImageObject"  ><div class='avia-image-container-inner'><img class='avia_image ' src='https://www.nachhaltigkeit-ingna.ch/wordpress/wp-content/uploads/2022/11/AirthingsSpaceRadon-300x300.jpg' alt='' title='AirthingsSpaceRadon'   itemprop="contentURL"  /></div></div></div>
<div class="flex_column av_one_half  flex_column_div av-zero-column-padding   " style='border-radius:0px; '><section class="av_textblock_section"  itemscope="itemscope" itemtype="https://schema.org/CreativeWork" ><div class='avia_textblock '   itemprop="text" ><h3>Airthings Space Radon for Business</h3>
<p>Der erste intelligente IAQ-Monitor mit Radonerkennung für alle Innenräume.</p>
<p>Schaffen Sie ein gesünderes und produktiveres Raumklima, indem Sie mit Wave Plus for Business überwachen, was in Ihrer Atemluft enthalten ist.</p>
</div></section></div>
<section class="av_textblock_section"  itemscope="itemscope" itemtype="https://schema.org/CreativeWork" ><div class='avia_textblock '   itemprop="text" ><h2>Ja, ich interessiere mich für die Raumluft-Sensoren!</h2>
<div class='avia-button-wrap avia-button-left '><a href='https://www.nachhaltigkeit-ingna.ch/wordpress/ueber-ingna/kontaktseite/' class='avia-button  avia-icon_select-no avia-color-theme-color avia-size-large avia-position-left '   ><span class='avia_iconbox_title' >Kontaktieren Sie uns</span></a></div>
</div></section>
