{"id":323,"date":"2014-09-23T15:12:15","date_gmt":"2014-09-23T15:12:15","guid":{"rendered":"http:\/\/www.nachhaltigkeit-ingna.ch\/wordpress\/wordpress\/wordpress\/wordpresswordpress\/?page_id=323"},"modified":"2017-10-11T17:22:43","modified_gmt":"2017-10-11T17:22:43","slug":"medienkompetenz","status":"publish","type":"page","link":"https:\/\/www.nachhaltigkeit-ingna.ch\/wordpress\/gesundheit-am-arbeitsplatz\/medienkompetenz\/","title":{"rendered":"Medienkompetenz"},"content":{"rendered":"<div style='padding-bottom:10px;color:#1e2a68;' class='av-special-heading av-special-heading-h1 custom-color-heading blockquote modern-quote  '><h1 class='av-special-heading-tag'  itemprop=\"headline\"  >Medienkompetenz<\/h1><div class='special-heading-border'><div class='special-heading-inner-border' style='border-color:#1e2a68'><\/div><\/div><\/div>\n<section class=\"av_textblock_section\"  itemscope=\"itemscope\" itemtype=\"https:\/\/schema.org\/CreativeWork\" ><div class='avia_textblock '   itemprop=\"text\" ><h4>Das Steuer in die Hand nehmen.<br \/>\nWarum sch\u00fctzen Daimler Benz und BMW ihre Mitarbeiter vor einer E-Mail Flut?<\/h4>\n<\/div><\/section>\n<div style='height:30px' class='hr hr-invisible '><span class='hr-inner ' ><span class='hr-inner-style'><\/span><\/span><\/div>\n<div class='avia-image-container  av-styling-   avia-align-left '  itemscope=\"itemscope\" itemtype=\"https:\/\/schema.org\/ImageObject\"  ><div class='avia-image-container-inner'><img class='avia_image ' src='http:\/\/www.nachhaltigkeit-ingna.ch\/wordpress\/wordpress\/wp-content\/uploads\/2017\/07\/Ingna_Medienkompetenz_1200x516.jpg' alt='' title=''   itemprop=\"contentURL\"  \/><\/div><\/div>\n<div style='height:30px' class='hr hr-invisible '><span class='hr-inner ' ><span class='hr-inner-style'><\/span><\/span><\/div>\n<section class=\"av_textblock_section\"  itemscope=\"itemscope\" itemtype=\"https:\/\/schema.org\/CreativeWork\" ><div class='avia_textblock '   itemprop=\"text\" ><h2>Was heisst eigentlich Medienkompetenz<\/h2>\n<\/div><\/section>\n<section class=\"av_textblock_section\"  itemscope=\"itemscope\" itemtype=\"https:\/\/schema.org\/CreativeWork\" ><div class='avia_textblock '   itemprop=\"text\" ><p>Jeder kann doch mit seinem Handy umgehen, kann E-Mails beantworten und sich die Arbeit richtig einteilen. Die stetig steigende Zunahme von Stress und Burn-Out zeigen, dem ist nicht so.<\/p>\n<p>Helfen Sie Ihren Mitarbeitern, wie zum Beispiel BMW, Daimler und VW.<br \/>\nVW Mitarbeiter erhalten nach Feierabend keine E-Mails auf Ihr Handy.<br \/>\nBMW und Daimler l\u00f6schen E-Mails, die Mitarbeiter w\u00e4hrend ihres Urlaubs erhalten.<\/p>\n<p><strong>Handy und Co. sind Hilfsmittel (Tools) die ihren Mitarbeitern helfen sollen, effizienter zu arbeiten.<\/strong><\/p>\n<p>Doch in der Realit\u00e4t schafft die st\u00e4ndige Erreichbarkeit:<\/p>\n<ul>\n<li>psychischen Stress<\/li>\n<li>Arbeitsunterbrechung und Ablenkung<\/li>\n<li>Schwierigkeit sich auf die Arbeit zu fokussieren<\/li>\n<\/ul>\n<p><strong>Den effizienten Umgang mit Multimediahilfsmitteln kann man lernen.<\/strong><\/p>\n<\/div><\/section>\n<div class=\"flex_column av_one_full  flex_column_div av-zero-column-padding first  \" style='border-radius:0px; '><section class=\"av_textblock_section\"  itemscope=\"itemscope\" itemtype=\"https:\/\/schema.org\/CreativeWork\" ><div class='avia_textblock '   itemprop=\"text\" ><h2><span style=\"color: #009dd1;\">Lassen Sie sich \u00fcberzeugen von unserer L\u00f6sung Productive@Work!<\/span><\/h2>\n<\/div><\/section><br \/>\n<div class='avia-button-wrap avia-button-left '><a href='https:\/\/www.nachhaltigkeit-ingna.ch\/wordpress\/ueber-ingna\/kontaktseite\/' class='avia-button  avia-icon_select-no avia-color-theme-color avia-size-large avia-position-left '   ><span class='avia_iconbox_title' >Kontaktieren Sie uns<\/span><\/a><\/div><\/p><\/div><div  class='hr hr-default '><span class='hr-inner ' ><span class='hr-inner-style'><\/span><\/span><\/div><\/p>\n<div class=\"flex_column av_one_third  flex_column_div first  \" ><p><div class='avia-image-container  av-styling-   avia-align-center '  itemscope=\"itemscope\" itemtype=\"https:\/\/schema.org\/ImageObject\"  ><div class='avia-image-container-inner'><img class='avia_image ' src='http:\/\/nachhaltigkeit-ingna.ch\/wp-content\/uploads\/2014\/12\/X_3.4Medienkompetenz_Klein-300x300.jpg' alt='' title=''   itemprop=\"contentURL\"  \/><\/div><\/div><br \/>\n<section class=\"av_textblock_section\"  itemscope=\"itemscope\" itemtype=\"https:\/\/schema.org\/CreativeWork\" ><div class='avia_textblock '   itemprop=\"text\" ><p><a href=\"http:\/\/nachhaltigkeit-ingna.ch\/wp-content\/uploads\/2014\/12\/Bitte-nicht-stoeren-ueber-die-begrenzten-Moegl.pdf\">Bitte nicht st\u00f6ren &#8211; \u00fcber die begrenzten M\u00f6glichkeiten des Gehirns<\/a><\/p>\n<p>40%, um so viel kann die Leistungsf\u00e4higkeit des Gehirns abnehmen, wenn man zwei Aufgaben gleichzeitig machen muss<\/p>\n<\/div><\/section><\/p><\/div>\n<div class=\"flex_column av_one_third  flex_column_div av-zero-column-padding   \" style='border-radius:0px; '><div class='avia-image-container  av-styling-   avia-align-center '  itemscope=\"itemscope\" itemtype=\"https:\/\/schema.org\/ImageObject\"  ><div class='avia-image-container-inner'><img class='avia_image ' src='http:\/\/nachhaltigkeit-ingna.ch\/wp-content\/uploads\/2014\/12\/X_Medienkompetenz_Klein-300x300.jpg' alt='' title=''   itemprop=\"contentURL\"  \/><\/div><\/div>\n<section class=\"av_textblock_section\"  itemscope=\"itemscope\" itemtype=\"https:\/\/schema.org\/CreativeWork\" ><div class='avia_textblock '   itemprop=\"text\" ><p><a href=\"http:\/\/nachhaltigkeit-ingna.ch\/wp-content\/uploads\/2014\/12\/Mails-zu-l\u00f6schen-ist-eine-emotionale-Entlastung_-SPIEGEL-ONLINE-Nachrichten-KarriereSPIEGEL.pdf\">Mails zu l\u00f6schen ist eine emotionale Entlastung<\/a><\/p>\n<p>Daimler Benz \u00fcber die M\u00f6glichkeit E-Mails zu l\u00f6schen<\/p>\n<\/div><\/section><\/div>\n<div class=\"flex_column av_one_third  flex_column_div av-zero-column-padding   \" style='border-radius:0px; '><div class='avia-image-container  av-styling-   avia-align-center '  itemscope=\"itemscope\" itemtype=\"https:\/\/schema.org\/ImageObject\"  ><div class='avia-image-container-inner'><img class='avia_image ' src='http:\/\/nachhaltigkeit-ingna.ch\/wp-content\/uploads\/2014\/12\/X_3.4Medienkompetenz_Klein2-300x300.jpg' alt='' title=''   itemprop=\"contentURL\"  \/><\/div><\/div>\n<section class=\"av_textblock_section\"  itemscope=\"itemscope\" itemtype=\"https:\/\/schema.org\/CreativeWork\" ><div class='avia_textblock '   itemprop=\"text\" ><p><a href=\"http:\/\/nachhaltigkeit-ingna.ch\/wp-content\/uploads\/2014\/12\/Betriebsvereinbarung-BMW-Mitarbeiter-haben-Recht-auf-Unerreichbarkeit-Beruf-B\u00fcro-Unternehmen-Handelsblatt.pdf\">Betriebsvereinbarung- BMW<\/a><\/p>\n<p>BMW Mitarbeiter haben Recht auf Unerreichbarkeit<\/p>\n<\/div><\/section><\/div>\n","protected":false},"excerpt":{"rendered":"","protected":false},"author":2,"featured_media":0,"parent":10,"menu_order":0,"comment_status":"open","ping_status":"open","template":"","meta":{"footnotes":""},"_links":{"self":[{"href":"https:\/\/www.nachhaltigkeit-ingna.ch\/wordpress\/wp-json\/wp\/v2\/pages\/323"}],"collection":[{"href":"https:\/\/www.nachhaltigkeit-ingna.ch\/wordpress\/wp-json\/wp\/v2\/pages"}],"about":[{"href":"https:\/\/www.nachhaltigkeit-ingna.ch\/wordpress\/wp-json\/wp\/v2\/types\/page"}],"author":[{"embeddable":true,"href":"https:\/\/www.nachhaltigkeit-ingna.ch\/wordpress\/wp-json\/wp\/v2\/users\/2"}],"replies":[{"embeddable":true,"href":"https:\/\/www.nachhaltigkeit-ingna.ch\/wordpress\/wp-json\/wp\/v2\/comments?post=323"}],"version-history":[{"count":29,"href":"https:\/\/www.nachhaltigkeit-ingna.ch\/wordpress\/wp-json\/wp\/v2\/pages\/323\/revisions"}],"predecessor-version":[{"id":2790,"href":"https:\/\/www.nachhaltigkeit-ingna.ch\/wordpress\/wp-json\/wp\/v2\/pages\/323\/revisions\/2790"}],"up":[{"embeddable":true,"href":"https:\/\/www.nachhaltigkeit-ingna.ch\/wordpress\/wp-json\/wp\/v2\/pages\/10"}],"wp:attachment":[{"href":"https:\/\/www.nachhaltigkeit-ingna.ch\/wordpress\/wp-json\/wp\/v2\/media?parent=323"}],"curies":[{"name":"wp","href":"https:\/\/api.w.org\/{rel}","templated":true}]}}