{"id":188,"date":"2014-09-08T14:36:27","date_gmt":"2014-09-08T14:36:27","guid":{"rendered":"http:\/\/www.nachhaltigkeit-ingna.ch\/wordpress\/wordpress\/wordpress\/wordpresswordpress\/?page_id=188"},"modified":"2020-02-07T08:33:48","modified_gmt":"2020-02-07T07:33:48","slug":"leitbild","status":"publish","type":"page","link":"https:\/\/www.nachhaltigkeit-ingna.ch\/wordpress\/ueber-ingna\/leitbild\/","title":{"rendered":"Leitbild"},"content":{"rendered":"<div style='padding-bottom:10px;' class='av-special-heading av-special-heading-h1  blockquote modern-quote  '><h1 class='av-special-heading-tag'  itemprop=\"headline\"  >Leitbild<\/h1><div class='special-heading-border'><div class='special-heading-inner-border' ><\/div><\/div><\/div>\n<div style='height:30px' class='hr hr-invisible '><span class='hr-inner ' ><span class='hr-inner-style'><\/span><\/span><\/div>\n<section class=\"av_textblock_section\"  itemscope=\"itemscope\" itemtype=\"https:\/\/schema.org\/CreativeWork\" ><div class='avia_textblock '   itemprop=\"text\" ><h2>Das Ingenieurb\u00fcro f\u00fcr Nachhaltigkeit nimmt Verantwortung wahr zu &#8211; CSR:<\/h2>\n<ul>\n<li>Gleichberechtigung<\/li>\n<li>Personalbetreuung<\/li>\n<li>Schonung von Klima und Ressourcen<\/li>\n<li>Umweltfreundliche und sozialvertr\u00e4gliche Verkehrsmittel<\/li>\n<li>Aktives Vorgehen gegen Kinder- und Zwangsarbeit<\/li>\n<li>Faire Vertr\u00e4ge<\/li>\n<li>Einhaltung gesetzlicher Vorschriften<\/li>\n<li>Aktives Vorgehen gegen Bestechung und Korruption<\/li>\n<\/ul>\n<\/div><\/section>\n<div style='height:30px' class='hr hr-invisible '><span class='hr-inner ' ><span class='hr-inner-style'><\/span><\/span><\/div>\n<section class=\"av_textblock_section\"  itemscope=\"itemscope\" itemtype=\"https:\/\/schema.org\/CreativeWork\" ><div class='avia_textblock '   itemprop=\"text\" ><h2>Dies f\u00fchrt uns zur Firmenphilosophie, zu unserem Leitbild<\/h2>\n<h4>Respekt<\/h4>\n<p>im Umgang mit den Menschen und der Natur. Der Mensch als Kunde, Mitarbeiter oder Zulieferpartner erf\u00e4hrt unseren h\u00f6chsten Respekt. Aktiver Gesundheitsschutz f\u00fcr die Nutzer im Innenraum ist gepaart mit \u00f6kologischen \u00dcberlegungen, gleichzeitig auch aktivem Umweltschutz.<\/p>\n<h4>Authentizit\u00e4t<\/h4>\n<p>Wir sind ehrlich mit unseren Kunden und Partnern sowie mit uns selbst \u2013 dies gibt uns die gr\u00f6sste Echtheit und somit Authentizit\u00e4t.<\/p>\n<h4>Verantwortung<\/h4>\n<p>Wir sind die Meister unseres Schicksals, die Kapit\u00e4ne unserer Seelen \u2013 abgeleitet vom weltber\u00fchmten Gedicht von William Ernest Henley \u2013 sehen wir hier die allergr\u00f6sste Motivation unserer Arbeit, f\u00fcr die wir jederzeit die Verantwortung \u00fcbernehmen.<\/p>\n<h4>Demut<\/h4>\n<p>im Sinne der Wertsch\u00e4tzung. Es sind viele Faktoren, die uns erfolgreich machen. Wir sind dankbar f\u00fcr die guten Zusammenarbeiten und tragen unseren Teil dazu bei, damit es so bleibt.<\/p>\n<\/div><\/section>\n<div class='avia-button-wrap avia-button-left '><a href='https:\/\/www.nachhaltigkeit-ingna.ch\/wordpress\/ueber-ingna\/kontaktseite\/' class='avia-button  avia-icon_select-no avia-color-theme-color avia-size-medium avia-position-left '  target=\"_blank\"   ><span class='avia_iconbox_title' >Kontaktieren Sie uns<\/span><\/a><\/div>\n","protected":false},"excerpt":{"rendered":"","protected":false},"author":2,"featured_media":394,"parent":16,"menu_order":0,"comment_status":"closed","ping_status":"closed","template":"","meta":{"footnotes":""},"_links":{"self":[{"href":"https:\/\/www.nachhaltigkeit-ingna.ch\/wordpress\/wp-json\/wp\/v2\/pages\/188"}],"collection":[{"href":"https:\/\/www.nachhaltigkeit-ingna.ch\/wordpress\/wp-json\/wp\/v2\/pages"}],"about":[{"href":"https:\/\/www.nachhaltigkeit-ingna.ch\/wordpress\/wp-json\/wp\/v2\/types\/page"}],"author":[{"embeddable":true,"href":"https:\/\/www.nachhaltigkeit-ingna.ch\/wordpress\/wp-json\/wp\/v2\/users\/2"}],"replies":[{"embeddable":true,"href":"https:\/\/www.nachhaltigkeit-ingna.ch\/wordpress\/wp-json\/wp\/v2\/comments?post=188"}],"version-history":[{"count":16,"href":"https:\/\/www.nachhaltigkeit-ingna.ch\/wordpress\/wp-json\/wp\/v2\/pages\/188\/revisions"}],"predecessor-version":[{"id":636,"href":"https:\/\/www.nachhaltigkeit-ingna.ch\/wordpress\/wp-json\/wp\/v2\/pages\/188\/revisions\/636"}],"up":[{"embeddable":true,"href":"https:\/\/www.nachhaltigkeit-ingna.ch\/wordpress\/wp-json\/wp\/v2\/pages\/16"}],"wp:featuredmedia":[{"embeddable":true,"href":"https:\/\/www.nachhaltigkeit-ingna.ch\/wordpress\/wp-json\/wp\/v2\/media\/394"}],"wp:attachment":[{"href":"https:\/\/www.nachhaltigkeit-ingna.ch\/wordpress\/wp-json\/wp\/v2\/media?parent=188"}],"curies":[{"name":"wp","href":"https:\/\/api.w.org\/{rel}","templated":true}]}}