{"id":1839,"date":"2015-03-03T20:51:23","date_gmt":"2015-03-03T20:51:23","guid":{"rendered":"http:\/\/www.nachhaltigkeit-ingna.ch\/wordpress\/wordpress\/wordpress\/?page_id=1839"},"modified":"2019-05-16T17:49:27","modified_gmt":"2019-05-16T15:49:27","slug":"tools_services","status":"publish","type":"page","link":"https:\/\/www.nachhaltigkeit-ingna.ch\/wordpress\/ueber-ingna\/tools_services\/","title":{"rendered":"Tools &#038; Services"},"content":{"rendered":"<div class=\"flex_column av_one_half  flex_column_div first  \" ><p><div style='padding-bottom:10px;' class='av-special-heading av-special-heading-h1  blockquote modern-quote  '><h1 class='av-special-heading-tag'  itemprop=\"headline\"  >DOWNLOADS<\/h1><div class='special-heading-border'><div class='special-heading-inner-border' ><\/div><\/div><\/div><br \/>\n<div class='avia-image-container  av-styling-   avia-align-center '  itemscope=\"itemscope\" itemtype=\"https:\/\/schema.org\/ImageObject\"  ><div class='avia-image-container-inner'><img class='avia_image ' src='https:\/\/www.nachhaltigkeit-ingna.ch\/wordpress\/wp-content\/uploads\/2015\/03\/Ingna_Downloads_600x400.jpg' alt='' title='Ingna_Downloads_600x400'   itemprop=\"contentURL\"  \/><\/div><\/div><br \/>\n<div style='height:20px' class='hr hr-invisible '><span class='hr-inner ' ><span class='hr-inner-style'><\/span><\/span><\/div><br \/>\n<section class=\"av_textblock_section\"  itemscope=\"itemscope\" itemtype=\"https:\/\/schema.org\/CreativeWork\" ><div class='avia_textblock '   itemprop=\"text\" ><h2>Rund ums Thema Licht<\/h2>\n<\/div><\/section><br \/>\n<div class='avia-icon-list-container '><ul class='avia-icon-list avia-icon-list-left av-iconlist-big avia_animate_when_almost_visible'>\n<li><div  style='background-color:#34d66f; border:1px solid #34d66f; color:#ffffff; ' class='iconlist_icon avia-font-entypo-fontello'><span class='iconlist-char' aria-hidden='true' data-av_icon='\ue82d' data-av_iconfont='entypo-fontello'><\/span><\/div><article class=\"article-icon-entry \"  itemscope=\"itemscope\" itemtype=\"https:\/\/schema.org\/CreativeWork\" ><div class='iconlist_content_wrap'><header class=\"entry-content-header\"><h4 class='iconlist_title'  itemprop=\"headline\"  >IGT Focus LED-Beleuchtung<\/h4><\/header><div class='iconlist_content '  itemprop=\"text\"  ><p><a href=\"http:\/\/www.nachhaltigkeit-ingna.ch\/wordpress\/wordpress\/wp-content\/uploads\/2019\/05\/A9-HumanCentricLightning_B_1601_Niederberger170209.pdf\" target=\"_blank\" rel=\"noopener\"><span style=\"color: #34d66f;\">Biologisch wirksames Licht f\u00fcr den privaten Einsatz<\/span><\/a><\/p>\n<p>LED-Leute integriert Funktionalit\u00e4ten in einem Geh\u00e4use<\/p>\n<p>Erny Niederberger<em><br \/>\n<\/em><\/p>\n<\/div><\/div><footer class=\"entry-footer\"><\/footer><\/article><div class='iconlist-timeline'><\/div><\/li>\n<li><div  style='background-color:#34d66f; border:1px solid #34d66f; color:#ffffff; ' class='iconlist_icon avia-font-entypo-fontello'><span class='iconlist-char' aria-hidden='true' data-av_icon='\ue82d' data-av_iconfont='entypo-fontello'><\/span><\/div><article class=\"article-icon-entry \"  itemscope=\"itemscope\" itemtype=\"https:\/\/schema.org\/CreativeWork\" ><div class='iconlist_content_wrap'><header class=\"entry-content-header\"><h4 class='iconlist_title'  itemprop=\"headline\"  ><a href='manually' title='Casanostra Thema LED'>Casanostra Thema LED<\/a><\/h4><\/header><div class='iconlist_content '  itemprop=\"text\"  ><p><a href=\"http:\/\/www.nachhaltigkeit-ingna.ch\/wordpress\/wordpress\/wp-content\/uploads\/2019\/05\/A9ArtikelHEV_LED.pdf\" target=\"_blank\" rel=\"noopener\">Sparlampen sind ein Auslaufmodell<\/a><\/p>\n<p>Interview mit Giuseppina Togni<\/p>\n<\/div><\/div><footer class=\"entry-footer\"><\/footer><\/article><div class='iconlist-timeline'><\/div><\/li>\n<li><div  style='background-color:#34d66f; border:1px solid #34d66f; color:#ffffff; ' class='iconlist_icon avia-font-entypo-fontello'><span class='iconlist-char' aria-hidden='true' data-av_icon='\ue82d' data-av_iconfont='entypo-fontello'><\/span><\/div><article class=\"article-icon-entry \"  itemscope=\"itemscope\" itemtype=\"https:\/\/schema.org\/CreativeWork\" ><div class='iconlist_content_wrap'><header class=\"entry-content-header\"><h4 class='iconlist_title'  itemprop=\"headline\"  >CO MED Thema<\/h4><\/header><div class='iconlist_content '  itemprop=\"text\"  ><p><a href=\"http:\/\/www.nachhaltigkeit-ingna.ch\/wordpress\/wordpress\/wp-content\/uploads\/2019\/05\/A9ArtikelMonitoreLEDLCDFernseherQuecksilberlichtQuelleSchwabe.pdf\" target=\"_blank\" rel=\"noopener\"><span style=\"color: #34d66f;\"> Das Kreuz mit dem Blaulicht \u2013 und Quecksilberbelastung bei PC-Monitoren sowie LED- und LCD-Flachbildfernsehern<\/span><\/a><\/p>\n<p>Volkmar Schwabe<\/p>\n<\/div><\/div><footer class=\"entry-footer\"><\/footer><\/article><div class='iconlist-timeline'><\/div><\/li>\n<li><div  style='background-color:#34d66f; border:1px solid #34d66f; color:#ffffff; ' class='iconlist_icon avia-font-entypo-fontello'><span class='iconlist-char' aria-hidden='true' data-av_icon='\ue82d' data-av_iconfont='entypo-fontello'><\/span><\/div><article class=\"article-icon-entry \"  itemscope=\"itemscope\" itemtype=\"https:\/\/schema.org\/CreativeWork\" ><div class='iconlist_content_wrap'><header class=\"entry-content-header\"><h4 class='iconlist_title'  itemprop=\"headline\"  ><a href='http:\/\/www.nachhaltigkeit-ingna.ch\/wordpress\/wordpress\/wp-content\/uploads\/2018\/04\/Leitfaden_Leise_Stoergeraeusche_2018.pdf' title='Wohnmedizin Bd. 52' target=\"_blank\" >Wohnmedizin Bd. 52<\/a><\/h4><\/header><div class='iconlist_content '  itemprop=\"text\"  ><p><a href=\"http:\/\/www.nachhaltigkeit-ingna.ch\/wordpress\/wordpress\/wp-content\/uploads\/2019\/05\/A9Auswahl-von_-Leuchtmitteln-unter-ganzheitlichenQuelleSchindele-.pdf\" target=\"_blank\" rel=\"noopener\">Auswahl von Leuchtmitteln unter ganzheitlichen Aspekten<\/a><\/p>\n<p>Stefan Schindele<\/p>\n<\/div><\/div><footer class=\"entry-footer\"><\/footer><\/article><div class='iconlist-timeline'><\/div><\/li>\n<\/ul><\/div><br \/>\n<section class=\"av_textblock_section\"  itemscope=\"itemscope\" itemtype=\"https:\/\/schema.org\/CreativeWork\" ><div class='avia_textblock '   itemprop=\"text\" ><h2>Studien Arbeitspl\u00e4tze &#8211; productive@work<\/h2>\n<\/div><\/section><br \/>\n<div style='height:20px' class='hr hr-invisible '><span class='hr-inner ' ><span class='hr-inner-style'><\/span><\/span><\/div><br \/>\n<div class='avia-icon-list-container '><ul class='avia-icon-list avia-icon-list-left av-iconlist-big avia_animate_when_almost_visible'>\n<li><div  style='background-color:#34d66f; border:1px solid #34d66f; color:#ffffff; ' class='iconlist_icon avia-font-entypo-fontello'><span class='iconlist-char' aria-hidden='true' data-av_icon='\ue82d' data-av_iconfont='entypo-fontello'><\/span><\/div><article class=\"article-icon-entry \"  itemscope=\"itemscope\" itemtype=\"https:\/\/schema.org\/CreativeWork\" ><div class='iconlist_content_wrap'><header class=\"entry-content-header\"><h4 class='iconlist_title'  itemprop=\"headline\"  >EUROPEAN EMF\u2010Leitlinie<\/h4><\/header><div class='iconlist_content '  itemprop=\"text\"  ><p><span style=\"color: #34d66f;\"><a style=\"color: #34d66f;\" href=\"https:\/\/europaem.eu\/attachments\/article\/98\/2016-08-01_EUROPAEM_EMF-Leitlinie_2016_Zusammenfassung_DE.pdf\" target=\"_blank\" rel=\"noopener\">EMF-Leitlinie 2016 (Kurzversion)<\/a><\/span><span style=\"color: #34d66f;\"><a style=\"color: #34d66f;\" href=\"https:\/\/europaem.eu\/attachments\/article\/98\/2016_EUROPAEM_EMF_Guideline_reveh-2016-0011-DEUTSCH.pdf\" target=\"_blank\" rel=\"noopener\">EMF\u2010Leitlinie 2016 (Vollversion)<\/a><\/span><br \/>\n<em> Zur Pr\u00e4vention, Diagnostik und Therapie EMF\u2010bedingter Beschwerden und Krankheiten<\/em><\/p>\n<\/div><\/div><footer class=\"entry-footer\"><\/footer><\/article><div class='iconlist-timeline'><\/div><\/li>\n<li><div  style='background-color:#34d66f; border:1px solid #34d66f; color:#ffffff; ' class='iconlist_icon avia-font-entypo-fontello'><span class='iconlist-char' aria-hidden='true' data-av_icon='\ue82d' data-av_iconfont='entypo-fontello'><\/span><\/div><article class=\"article-icon-entry \"  itemscope=\"itemscope\" itemtype=\"https:\/\/schema.org\/CreativeWork\" ><div class='iconlist_content_wrap'><header class=\"entry-content-header\"><h4 class='iconlist_title'  itemprop=\"headline\"  ><a href='http:\/\/www.nachhaltigkeit-ingna.ch\/wordpress\/wordpress\/wp-content\/uploads\/2014\/12\/GesundeFuehrung.pdf' title='Wie Unternehmer eine gesunde Performancekultur entwickeln'>Wie Unternehmer eine gesunde Performancekultur entwickeln<\/a><\/h4><\/header><div class='iconlist_content '  itemprop=\"text\"  ><p>Herausgeber: Universit\u00e4t St. Gallen, Institut f\u00fcr F\u00fchrung und Personalmanagement<\/p>\n<\/div><\/div><footer class=\"entry-footer\"><\/footer><\/article><div class='iconlist-timeline'><\/div><\/li>\n<li><div  style='background-color:#34d66f; border:1px solid #34d66f; color:#ffffff; ' class='iconlist_icon avia-font-entypo-fontello'><span class='iconlist-char' aria-hidden='true' data-av_icon='\ue82d' data-av_iconfont='entypo-fontello'><\/span><\/div><article class=\"article-icon-entry \"  itemscope=\"itemscope\" itemtype=\"https:\/\/schema.org\/CreativeWork\" ><div class='iconlist_content_wrap'><header class=\"entry-content-header\"><h4 class='iconlist_title'  itemprop=\"headline\"  >Was kosten die Unternehmen gestresste Mitarbeiter<\/h4><\/header><div class='iconlist_content '  itemprop=\"text\"  ><p><span style=\"color: #34d66f;\"> <a style=\"color: #34d66f;\" href=\"http:\/\/www.nachhaltigkeit-ingna.ch\/wordpress\/wordpress\/wp-content\/uploads\/2014\/12\/14_05_28_seco_stress_zusammenfassung_d_2000.pdf\" target=\"_blank\" rel=\"noopener\">Stresskosten (Kurzversion)<\/a><\/span><br \/>\n<span style=\"color: #34d66f;\"> <a style=\"color: #34d66f;\" href=\"http:\/\/www.nachhaltigkeit-ingna.ch\/wordpress\/wordpress\/wp-content\/uploads\/2014\/12\/14_05_28_seco_stress_d_2000.pdf\" target=\"_blank\" rel=\"noopener\">Stresskosten (Vollversion)<\/a><\/span><br \/>\nHerausgeber: SECO Staatssekretariat f\u00fcr Wirtschaft Schweiz<\/p>\n<\/div><\/div><footer class=\"entry-footer\"><\/footer><\/article><div class='iconlist-timeline'><\/div><\/li>\n<li><div  style='background-color:#34d66f; border:1px solid #34d66f; color:#ffffff; ' class='iconlist_icon avia-font-entypo-fontello'><span class='iconlist-char' aria-hidden='true' data-av_icon='\ue82d' data-av_iconfont='entypo-fontello'><\/span><\/div><article class=\"article-icon-entry \"  itemscope=\"itemscope\" itemtype=\"https:\/\/schema.org\/CreativeWork\" ><div class='iconlist_content_wrap'><header class=\"entry-content-header\"><h4 class='iconlist_title'  itemprop=\"headline\"  ><a href='http:\/\/www.nachhaltigkeit-ingna.ch\/wordpress\/wordpress\/wp-content\/uploads\/2018\/04\/Leitfaden_Leise_Stoergeraeusche_2018.pdf' title='Leitfaden \u00abUmgang mit leisen St\u00f6rger\u00e4uschen\u00bb' target=\"_blank\" >Leitfaden \u00abUmgang mit leisen St\u00f6rger\u00e4uschen\u00bb<\/a><\/h4><\/header><div class='iconlist_content '  itemprop=\"text\"  ><p>Kanton Aargau Reihe UMWELT<\/p>\n<p>Herausgeber: Kanton Aargau<\/p>\n<\/div><\/div><footer class=\"entry-footer\"><\/footer><\/article><div class='iconlist-timeline'><\/div><\/li>\n<li><div  style='background-color:#34d66f; border:1px solid #34d66f; color:#ffffff; ' class='iconlist_icon avia-font-entypo-fontello'><span class='iconlist-char' aria-hidden='true' data-av_icon='\ue82d' data-av_iconfont='entypo-fontello'><\/span><\/div><article class=\"article-icon-entry av-iconlist-empty\"  itemscope=\"itemscope\" itemtype=\"https:\/\/schema.org\/CreativeWork\" ><div class='iconlist_content_wrap'><header class=\"entry-content-header\"><h4 class='iconlist_title'  itemprop=\"headline\"  ><a href='http:\/\/www.nachhaltigkeit-ingna.ch\/wordpress\/wordpress\/wp-content\/uploads\/2019\/04\/Anl08_NISV814.710_072012.de_24Seiten.pdf' title='Verordnung \u00fcber den Schutz vor nichtionisierender Strahlung (NISV)' target=\"_blank\" >Verordnung \u00fcber den Schutz vor nichtionisierender Strahlung (NISV)<\/a><\/h4><\/header><div class='iconlist_content '  itemprop=\"text\"  ><\/div><\/div><footer class=\"entry-footer\"><\/footer><\/article><div class='iconlist-timeline'><\/div><\/li>\n<li><div  style='background-color:#34d66f; border:1px solid #34d66f; color:#ffffff; ' class='iconlist_icon avia-font-entypo-fontello'><span class='iconlist-char' aria-hidden='true' data-av_icon='\ue82d' data-av_iconfont='entypo-fontello'><\/span><\/div><article class=\"article-icon-entry \"  itemscope=\"itemscope\" itemtype=\"https:\/\/schema.org\/CreativeWork\" ><div class='iconlist_content_wrap'><header class=\"entry-content-header\"><h4 class='iconlist_title'  itemprop=\"headline\"  ><a href='http:\/\/www.nachhaltigkeit-ingna.ch\/wordpress\/wordpress\/wp-content\/uploads\/2019\/04\/Anl09_SuvaEkasGrenzwerte2014_Auszug-EMF_1903_D_8Seiten.pdf' title='Grenzwerte am Arbeitsplatz' target=\"_blank\" >Grenzwerte am Arbeitsplatz<\/a><\/h4><\/header><div class='iconlist_content '  itemprop=\"text\"  ><p>Suva pro<\/p>\n<\/div><\/div><footer class=\"entry-footer\"><\/footer><\/article><div class='iconlist-timeline'><\/div><\/li>\n<li><div  style='background-color:#34d66f; border:1px solid #34d66f; color:#ffffff; ' class='iconlist_icon avia-font-entypo-fontello'><span class='iconlist-char' aria-hidden='true' data-av_icon='\ue82d' data-av_iconfont='entypo-fontello'><\/span><\/div><article class=\"article-icon-entry \"  itemscope=\"itemscope\" itemtype=\"https:\/\/schema.org\/CreativeWork\" ><div class='iconlist_content_wrap'><header class=\"entry-content-header\"><h4 class='iconlist_title'  itemprop=\"headline\"  ><a href='http:\/\/www.nachhaltigkeit-ingna.ch\/wordpress\/wordpress\/wp-content\/uploads\/2019\/04\/Anl10_VDB_Umweltmedizinische_Beurteilung_elektromagnetischer_Felder_in_Gebaeuden.pdf' title='Umweltmedizinische Beurteilung elektromagnetischer Felder' target=\"_blank\" >Umweltmedizinische Beurteilung elektromagnetischer Felder<\/a><\/h4><\/header><div class='iconlist_content '  itemprop=\"text\"  ><p>Dr. med. Gerd Oberfeld<\/p>\n<\/div><\/div><footer class=\"entry-footer\"><\/footer><\/article><div class='iconlist-timeline'><\/div><\/li>\n<li><div  style='background-color:#34d66f; border:1px solid #34d66f; color:#ffffff; ' class='iconlist_icon avia-font-entypo-fontello'><span class='iconlist-char' aria-hidden='true' data-av_icon='\ue82d' data-av_iconfont='entypo-fontello'><\/span><\/div><article class=\"article-icon-entry av-iconlist-empty\"  itemscope=\"itemscope\" itemtype=\"https:\/\/schema.org\/CreativeWork\" ><div class='iconlist_content_wrap'><header class=\"entry-content-header\"><h4 class='iconlist_title'  itemprop=\"headline\"  ><a href='http:\/\/www.nachhaltigkeit-ingna.ch\/wordpress\/wordpress\/wp-content\/uploads\/2019\/04\/Anl09_SuvaEkasGrenzwerte2014_Auszug-EMF_1903_D_8Seiten.pdf' title='Leitlinie der \u00d6\u00c4K zur Abkl\u00e4rung und Therapie EMF-bezogener Beschwerden und Krankheiten'>Leitlinie der \u00d6\u00c4K zur Abkl\u00e4rung und Therapie EMF-bezogener Beschwerden und Krankheiten<\/a><\/h4><\/header><div class='iconlist_content '  itemprop=\"text\"  ><\/div><\/div><footer class=\"entry-footer\"><\/footer><\/article><div class='iconlist-timeline'><\/div><\/li>\n<\/ul><\/div><\/p><\/div><div class=\"flex_column av_one_half  flex_column_div av-zero-column-padding   \" style='border-radius:0px; '><p><div style='padding-bottom:10px;' class='av-special-heading av-special-heading-h1  blockquote modern-quote  '><h1 class='av-special-heading-tag'  itemprop=\"headline\"  >SOCIAL MEDIA<\/h1><div class='special-heading-border'><div class='special-heading-inner-border' ><\/div><\/div><\/div><br \/>\n<div class='avia-image-container  av-styling-   avia-align-center '  itemscope=\"itemscope\" itemtype=\"https:\/\/schema.org\/ImageObject\"  ><div class='avia-image-container-inner'><img class='avia_image ' src='https:\/\/www.nachhaltigkeit-ingna.ch\/wordpress\/wp-content\/uploads\/2015\/03\/nachhaltigkeit_ingna_social_media.jpg' alt='' title='nachhaltigkeit_ingna_social_media'   itemprop=\"contentURL\"  \/><\/div><\/div><br \/>\n<div style='height:20px' class='hr hr-invisible '><span class='hr-inner ' ><span class='hr-inner-style'><\/span><\/span><\/div><br \/>\n<section class=\"av_textblock_section\"  itemscope=\"itemscope\" itemtype=\"https:\/\/schema.org\/CreativeWork\" ><div class='avia_textblock '   itemprop=\"text\" ><h2>Besuche INGNA auf Social Media<\/h2>\n<\/div><\/section><br \/>\n<div style='height:20px' class='hr hr-invisible '><span class='hr-inner ' ><span class='hr-inner-style'><\/span><\/span><\/div><br \/>\n<div class='avia-icon-list-container '><ul class='avia-icon-list avia-icon-list-left av-iconlist-big avia_animate_when_almost_visible'>\n<li><a href='https:\/\/www.facebook.com\/Ingenieurb%C3%BCro-f%C3%BCr-Nachhaltigkeit-GmbH-1392369854391579\/?pnref=lhc' title='Facebook'  target=\"_blank\"   class='iconlist_icon avia-font-entypo-fontello'><span class='iconlist-char' aria-hidden='true' data-av_icon='\ue8f3' data-av_iconfont='entypo-fontello'><\/span><\/a><article class=\"article-icon-entry av-iconlist-empty\"  itemscope=\"itemscope\" itemtype=\"https:\/\/schema.org\/CreativeWork\" ><div class='iconlist_content_wrap'><header class=\"entry-content-header\"><h4 class='iconlist_title'  itemprop=\"headline\"  ><a href='https:\/\/www.facebook.com\/Ingenieurb%C3%BCro-f%C3%BCr-Nachhaltigkeit-GmbH-1392369854391579\/?pnref=lhc' title='Facebook' target=\"_blank\" >Facebook<\/a><\/h4><\/header><div class='iconlist_content '  itemprop=\"text\"  ><\/div><\/div><footer class=\"entry-footer\"><\/footer><\/article><div class='iconlist-timeline'><\/div><\/li>\n<li><a href='https:\/\/plus.google.com\/112208349488249879490' title='Google Plus'  target=\"_blank\"   class='iconlist_icon avia-font-entypo-fontello'><span class='iconlist-char' aria-hidden='true' data-av_icon='\ue8f6' data-av_iconfont='entypo-fontello'><\/span><\/a><article class=\"article-icon-entry av-iconlist-empty\"  itemscope=\"itemscope\" itemtype=\"https:\/\/schema.org\/CreativeWork\" ><div class='iconlist_content_wrap'><header class=\"entry-content-header\"><h4 class='iconlist_title'  itemprop=\"headline\"  ><a href='https:\/\/plus.google.com\/112208349488249879490' title='Google Plus' target=\"_blank\" >Google Plus<\/a><\/h4><\/header><div class='iconlist_content '  itemprop=\"text\"  ><\/div><\/div><footer class=\"entry-footer\"><\/footer><\/article><div class='iconlist-timeline'><\/div><\/li>\n<\/ul><\/div><\/p><\/div><\/p>\n","protected":false},"excerpt":{"rendered":"","protected":false},"author":4,"featured_media":0,"parent":16,"menu_order":0,"comment_status":"open","ping_status":"open","template":"","meta":{"footnotes":""},"_links":{"self":[{"href":"https:\/\/www.nachhaltigkeit-ingna.ch\/wordpress\/wp-json\/wp\/v2\/pages\/1839"}],"collection":[{"href":"https:\/\/www.nachhaltigkeit-ingna.ch\/wordpress\/wp-json\/wp\/v2\/pages"}],"about":[{"href":"https:\/\/www.nachhaltigkeit-ingna.ch\/wordpress\/wp-json\/wp\/v2\/types\/page"}],"author":[{"embeddable":true,"href":"https:\/\/www.nachhaltigkeit-ingna.ch\/wordpress\/wp-json\/wp\/v2\/users\/4"}],"replies":[{"embeddable":true,"href":"https:\/\/www.nachhaltigkeit-ingna.ch\/wordpress\/wp-json\/wp\/v2\/comments?post=1839"}],"version-history":[{"count":74,"href":"https:\/\/www.nachhaltigkeit-ingna.ch\/wordpress\/wp-json\/wp\/v2\/pages\/1839\/revisions"}],"predecessor-version":[{"id":2086,"href":"https:\/\/www.nachhaltigkeit-ingna.ch\/wordpress\/wp-json\/wp\/v2\/pages\/1839\/revisions\/2086"}],"up":[{"embeddable":true,"href":"https:\/\/www.nachhaltigkeit-ingna.ch\/wordpress\/wp-json\/wp\/v2\/pages\/16"}],"wp:attachment":[{"href":"https:\/\/www.nachhaltigkeit-ingna.ch\/wordpress\/wp-json\/wp\/v2\/media?parent=1839"}],"curies":[{"name":"wp","href":"https:\/\/api.w.org\/{rel}","templated":true}]}}