{"id":1655,"date":"2015-02-26T21:27:40","date_gmt":"2015-02-26T21:27:40","guid":{"rendered":"http:\/\/www.nachhaltigkeit-ingna.ch\/wordpress\/wordpress\/wordpress\/?page_id=1655"},"modified":"2017-10-14T11:15:40","modified_gmt":"2017-10-14T11:15:40","slug":"schweizer-grenzwerte-nisv-standard-der-baubiologischen-messtechnik-sbm","status":"publish","type":"page","link":"https:\/\/www.nachhaltigkeit-ingna.ch\/wordpress\/schweizer-grenzwerte-nisv-standard-der-baubiologischen-messtechnik-sbm\/","title":{"rendered":"Schweizer Grenzwerte &#8211; NISV, Standard der Baubiologischen Messtechnik &#8211; SBM"},"content":{"rendered":"<div class=\"flex_column av_one_full  flex_column_div first  \" ><div style='padding-bottom:10px;' class='av-special-heading av-special-heading-h1   '><h1 class='av-special-heading-tag'  itemprop=\"headline\"  >Schweizer Grenzwerte NISV &#8211; Standard der baubiologischen Messtechnik SBM<\/h1><div class='special-heading-border'><div class='special-heading-inner-border' ><\/div><\/div><\/div><\/div>\n<section class=\"av_textblock_section\"  itemscope=\"itemscope\" itemtype=\"https:\/\/schema.org\/CreativeWork\" ><div class='avia_textblock '   itemprop=\"text\" ><p><strong>F\u00fcr Ihren Schutz: <\/strong><\/p>\n<h2>a) Grenzwerte &#8211; NISV<\/h2>\n<p>Die Schweiz hat im Vergleich zu ihren Nachbarl\u00e4ndern einen besseren Vorsorgestandard, die NISV. Die NISV dient dazu, Sie vor Elektrosmog (gesundheitliche Belastungen) zu sch\u00fctzen.<\/p>\n<p><strong>Details zur <a href=\"http:\/\/www.admin.ch\/opc\/de\/classified-compilation\/19996141\/index.html#a14\" target=\"_blank\">NISV (SR 814.710)<\/a> &#8211; Verordnung \u00fcber den Schutz vor nichtionisierender Strahlung (NISV) <\/strong><\/p>\n<p>Um die Bev\u00f6lkerung vor Elektrosmog zu sch\u00fctzen, hat der Bundesrat die Verordnung \u00fcber den Schutz vor nichtionisierender Strahlung (NISV) erlassen. Diese Verordnung ist seit dem 1. Februar 2000 in Kraft und begrenzt die nichtionisierende Strahlung, die von ortsfesten Anlagen ausgeht (z.B. Hochspannungsleitungen, Mobilfunk- oder Rundfunksender).<\/p>\n<h2>b) Vorsorgewerte SBM<sup>2015<\/sup><\/h2>\n<p><strong> F\u00fcr den ganzheitlichen, gesundheitlichen Schutz dient weiterf\u00fchrend der\u00a0SBM<sup>2015<\/sup> \u2013 <a href=\"http:\/\/nachhaltigkeit-ingna.ch\/wp-content\/uploads\/2015\/01\/standard2008.pdf\" target=\"_blank\">Standard der Baubiologischen Messtechnik<\/a> \u2013 als Grundlage.<\/strong><\/p>\n<p>Dass Menschen unterschiedlich auf akute Belastungen wie E-Smog, Schadstoffe in der Luft, etc. reagieren, hat vielerlei Gr\u00fcnde. F\u00fcr uns Messtechniker ist das Vorsorgeprinzip massgeblich, deshalb ziehen wir zur Beurteilung der Messergebnisse auch den SBM heran.<br \/>\nEr bietet auch empfindlichen Menschen oder Kindern die M\u00f6glichkeit, gesund leben zu k\u00f6nnen.<\/p>\n<blockquote>\n<p><span style=\"color: #0000ff;\"><strong>F\u00fcr uns stehen Sie als Nutzer der Geb\u00e4ude, Ihre Gesundheit und Ihr pers\u00f6nliches Wohlbefinden an erster Stelle!<\/strong><\/span><\/p>\n<\/blockquote>\n<\/div><\/section>\n","protected":false},"excerpt":{"rendered":"","protected":false},"author":4,"featured_media":394,"parent":0,"menu_order":0,"comment_status":"open","ping_status":"open","template":"","meta":{"footnotes":""},"_links":{"self":[{"href":"https:\/\/www.nachhaltigkeit-ingna.ch\/wordpress\/wp-json\/wp\/v2\/pages\/1655"}],"collection":[{"href":"https:\/\/www.nachhaltigkeit-ingna.ch\/wordpress\/wp-json\/wp\/v2\/pages"}],"about":[{"href":"https:\/\/www.nachhaltigkeit-ingna.ch\/wordpress\/wp-json\/wp\/v2\/types\/page"}],"author":[{"embeddable":true,"href":"https:\/\/www.nachhaltigkeit-ingna.ch\/wordpress\/wp-json\/wp\/v2\/users\/4"}],"replies":[{"embeddable":true,"href":"https:\/\/www.nachhaltigkeit-ingna.ch\/wordpress\/wp-json\/wp\/v2\/comments?post=1655"}],"version-history":[{"count":7,"href":"https:\/\/www.nachhaltigkeit-ingna.ch\/wordpress\/wp-json\/wp\/v2\/pages\/1655\/revisions"}],"predecessor-version":[{"id":2901,"href":"https:\/\/www.nachhaltigkeit-ingna.ch\/wordpress\/wp-json\/wp\/v2\/pages\/1655\/revisions\/2901"}],"wp:featuredmedia":[{"embeddable":true,"href":"https:\/\/www.nachhaltigkeit-ingna.ch\/wordpress\/wp-json\/wp\/v2\/media\/394"}],"wp:attachment":[{"href":"https:\/\/www.nachhaltigkeit-ingna.ch\/wordpress\/wp-json\/wp\/v2\/media?parent=1655"}],"curies":[{"name":"wp","href":"https:\/\/api.w.org\/{rel}","templated":true}]}}

<div class="flex_column av_one_full  flex_column_div first  " ><div style='padding-bottom:10px;' class='av-special-heading av-special-heading-h1   '><h1 class='av-special-heading-tag'  itemprop="headline"  >Schweizer Grenzwerte NISV &#8211; Standard der baubiologischen Messtechnik SBM</h1><div class='special-heading-border'><div class='special-heading-inner-border' ></div></div></div></div>
<section class="av_textblock_section"  itemscope="itemscope" itemtype="https://schema.org/CreativeWork" ><div class='avia_textblock '   itemprop="text" ><p><strong>Für Ihren Schutz: </strong></p>
<h2>a) Grenzwerte &#8211; NISV</h2>
<p>Die Schweiz hat im Vergleich zu ihren Nachbarländern einen besseren Vorsorgestandard, die NISV. Die NISV dient dazu, Sie vor Elektrosmog (gesundheitliche Belastungen) zu schützen.</p>
<p><strong>Details zur <a href="http://www.admin.ch/opc/de/classified-compilation/19996141/index.html#a14" target="_blank">NISV (SR 814.710)</a> &#8211; Verordnung über den Schutz vor nichtionisierender Strahlung (NISV) </strong></p>
<p>Um die Bevölkerung vor Elektrosmog zu schützen, hat der Bundesrat die Verordnung über den Schutz vor nichtionisierender Strahlung (NISV) erlassen. Diese Verordnung ist seit dem 1. Februar 2000 in Kraft und begrenzt die nichtionisierende Strahlung, die von ortsfesten Anlagen ausgeht (z.B. Hochspannungsleitungen, Mobilfunk- oder Rundfunksender).</p>
<h2>b) Vorsorgewerte SBM<sup>2015</sup></h2>
<p><strong> Für den ganzheitlichen, gesundheitlichen Schutz dient weiterführend der SBM<sup>2015</sup> – <a href="http://nachhaltigkeit-ingna.ch/wp-content/uploads/2015/01/standard2008.pdf" target="_blank">Standard der Baubiologischen Messtechnik</a> – als Grundlage.</strong></p>
<p>Dass Menschen unterschiedlich auf akute Belastungen wie E-Smog, Schadstoffe in der Luft, etc. reagieren, hat vielerlei Gründe. Für uns Messtechniker ist das Vorsorgeprinzip massgeblich, deshalb ziehen wir zur Beurteilung der Messergebnisse auch den SBM heran.<br />
Er bietet auch empfindlichen Menschen oder Kindern die Möglichkeit, gesund leben zu können.</p>
<blockquote>
<p><span style="color: #0000ff;"><strong>Für uns stehen Sie als Nutzer der Gebäude, Ihre Gesundheit und Ihr persönliches Wohlbefinden an erster Stelle!</strong></span></p>
</blockquote>
</div></section>
