{"id":1032,"date":"2015-01-05T13:09:46","date_gmt":"2015-01-05T13:09:46","guid":{"rendered":"http:\/\/www.nachhaltigkeit-ingna.ch\/wordpress\/wordpress\/wordpress\/wordpress?page_id=1032"},"modified":"2023-02-27T11:25:07","modified_gmt":"2023-02-27T10:25:07","slug":"elektrosmog","status":"publish","type":"page","link":"https:\/\/www.nachhaltigkeit-ingna.ch\/wordpress\/messtechnik\/elektrosmog\/","title":{"rendered":"A) Felder \u2013 Wellen \u2013 Strahlung (Elektrosmog)"},"content":{"rendered":"<div style='padding-bottom:10px;color:#1e2a68;' class='av-special-heading av-special-heading-h1 custom-color-heading blockquote modern-quote  '><h1 class='av-special-heading-tag'  itemprop=\"headline\"  >A) Felder &#8211; Wellen &#8211; Strahlung ( NIS\/EMV \u2013 Elektrosmog bis St\u00f6rschall)<\/h1><div class='special-heading-border'><div class='special-heading-inner-border' style='border-color:#1e2a68'><\/div><\/div><\/div>\n<section class=\"av_textblock_section\"  itemscope=\"itemscope\" itemtype=\"https:\/\/schema.org\/CreativeWork\" ><div class='avia_textblock '   itemprop=\"text\" ><h4>Hilfreich nicht nur, wenn Sie EHS haben ( Elekthypersensibilit\u00e4t) sondern auch zur Behebung von technischen Problemen.<br \/>\n==&gt;Messung von EMF bis ionisierende Strahlung (NIS\/Elektrosmog). Diese umfassen acht verschiedene physikalische Gr\u00f6ssen, einschliesslich Radioaktivit\u00e4t, Radon und St\u00f6rschall.<\/h4>\n<\/div><\/section>\n<section class=\"av_textblock_section\"  itemscope=\"itemscope\" itemtype=\"https:\/\/schema.org\/CreativeWork\" ><div class='avia_textblock '   itemprop=\"text\" ><p>Pflanzen, Tiere und Menschen sind elektromagnetische Lebewesen. Zellen, Gewebe, Organe und Organismen funktionieren nicht nur \u00fcber chemische Reaktionen, sondern sind in ihrem funktionellen Ablauf in komplexen, nichtlinearen Prozessen eng mit internen und externen elektromagnetischen Vorg\u00e4ngen verbunden.<\/p>\n<p>Felder, Wellen, Strahlung bezeichnet, kurz gesagt alles, was schwingt und physikalisch messbar ist. Dabei unterscheidet man verschiedene Arten:<\/p>\n<h4>1) Elektrische Wechselfelder<\/h4>\n<p>entstehen, egal ob Strom fliesst oder nicht. Wo elektrische Leitungen an die Stromversorgung angeschlossen sind, unter Spannung stehen, entstehen immer elektrische Wechselfelder.<\/p>\n<h4>2) Magnetische Wechselfelder<\/h4>\n<p>werden ausschliesslich durch technische Ger\u00e4te bzw. elektrische Leitungen verursacht, und zwar immer dann, wenn Strom fliesst.<\/p>\n<h4>3) Elektromagnetische Wellen (Hochfrequenz)<\/h4>\n<p>kommen von: Rundfunksendern, Mikrowellenherden, schnurlosen und Mobiltelefonen, vor allem deren Basisstationen, Radar der Flugsicherung, Satelliten etc. UND immer mehr von inhouse Anwendungen:<br \/>\nWLAN \/ Bluetooth &#8211; Internet of Things &#8211; IoT- LPWAN&#8217;s ( Lora; Sigfox); VoiP- und DECT Telefonen<\/p>\n<h4>4) Elektrische Gleichfelder (Elektrostatik)<\/h4>\n<p>sind bedingt durch Potenzialdifferenzen von elektrisch nicht oder schlecht leitf\u00e4higen Materialien zur elektrisch leitenden Erde.<\/p>\n<h4>5) Magnetische Gleichfelder<\/h4>\n<p>Das ungest\u00f6rte nat\u00fcrliche Magnetfeld ist in sich homogen. Bei Messungen werden Ver\u00e4nderungen des nat\u00fcrlichen Magnetfeldes erfasst. Die St\u00e4rke der Ver\u00e4nderung gibt Aufschluss \u00fcber St\u00f6r- und Belastungseinfl\u00fcsse. Wir kennen die notwendigen Korrekturmassnahmen.<\/p>\n<h4>6) Radioaktivit\u00e4t<\/h4>\n<p>Eine gewisse \u00abHintergrundstrahlung\u00bb ist allerorts nat\u00fcrlich und unterliegt, je nach Geologie, relativ starken Schwankungen. Ein Grossteil der Konzentration jedoch, z.B. Radon im Innenraum, ist baulich bedingt. Wir messen <a href=\"https:\/\/www.radonexperte.ch\/\" target=\"_blank\" rel=\"noopener\">Radioaktivit\u00e4t\/Radon<\/a> schnell und beurteilen richtig.<\/p>\n<h4>7) Geologische St\u00f6rungen<\/h4>\n<p>Auf dem Bauplatz. Erdmagnetfeldverzerrungen und erh\u00f6hte Radioaktivit\u00e4t k\u00f6nnen wir mit physikalischen Messinstrumenten feststellen.\u00a0 F\u00fcr Innenraumbewertungen sind vorallem die Messungen unter 5) und 6) massgebend.<\/p>\n<h4>8) Schallwellen\/St\u00f6rschall<\/h4>\n<p>Nichts ist so subjektiv und individuell zu bewerten wie St\u00f6rschall, nervende und l\u00e4stige Ger\u00e4usche. Die Bedeutung des leisen, meist sehr l\u00e4stigen Schalls wird erst bei unseren spezifischen Messungen erfasst und die psychoakustische Auswertung situationsbedingt mit unseren Kunden individuell beurteilt.<\/p>\n<h4>9) Licht &#8211; Qualit\u00e4t \/ biometrisches Licht<\/h4>\n<p>Licht braucht der Mensch zum Leben. Es soll so nat\u00fcrlich wie m\u00f6glich sein, damit auch die biologischen \/ biochemischen Prozesse beim Menschen geregelt ablaufen.<br \/>\nHCL &#8211; Human Centric Lightning und oder biodynamisches Licht sind die Statements. Wir schauen auf Flimmer- und Flackerfreiheit, Lichtspektrum und Spektrum-F\u00fclle, neben den tiefen elektrischen Feldern.<\/p>\n<\/div><\/section>\n","protected":false},"excerpt":{"rendered":"<p>Zug Elektrosmog &#8211; NIS\/EMF &#8211; EMV Messtechnik Schweizweit gr\u00f6sste Erfahrung mit schweizweitem Team<\/p>\n","protected":false},"author":4,"featured_media":394,"parent":14,"menu_order":0,"comment_status":"open","ping_status":"open","template":"","meta":{"footnotes":""},"_links":{"self":[{"href":"https:\/\/www.nachhaltigkeit-ingna.ch\/wordpress\/wp-json\/wp\/v2\/pages\/1032"}],"collection":[{"href":"https:\/\/www.nachhaltigkeit-ingna.ch\/wordpress\/wp-json\/wp\/v2\/pages"}],"about":[{"href":"https:\/\/www.nachhaltigkeit-ingna.ch\/wordpress\/wp-json\/wp\/v2\/types\/page"}],"author":[{"embeddable":true,"href":"https:\/\/www.nachhaltigkeit-ingna.ch\/wordpress\/wp-json\/wp\/v2\/users\/4"}],"replies":[{"embeddable":true,"href":"https:\/\/www.nachhaltigkeit-ingna.ch\/wordpress\/wp-json\/wp\/v2\/comments?post=1032"}],"version-history":[{"count":26,"href":"https:\/\/www.nachhaltigkeit-ingna.ch\/wordpress\/wp-json\/wp\/v2\/pages\/1032\/revisions"}],"predecessor-version":[{"id":4061,"href":"https:\/\/www.nachhaltigkeit-ingna.ch\/wordpress\/wp-json\/wp\/v2\/pages\/1032\/revisions\/4061"}],"up":[{"embeddable":true,"href":"https:\/\/www.nachhaltigkeit-ingna.ch\/wordpress\/wp-json\/wp\/v2\/pages\/14"}],"wp:featuredmedia":[{"embeddable":true,"href":"https:\/\/www.nachhaltigkeit-ingna.ch\/wordpress\/wp-json\/wp\/v2\/media\/394"}],"wp:attachment":[{"href":"https:\/\/www.nachhaltigkeit-ingna.ch\/wordpress\/wp-json\/wp\/v2\/media?parent=1032"}],"curies":[{"name":"wp","href":"https:\/\/api.w.org\/{rel}","templated":true}]}}

<div style='padding-bottom:10px;color:#1e2a68;' class='av-special-heading av-special-heading-h1 custom-color-heading blockquote modern-quote  '><h1 class='av-special-heading-tag'  itemprop="headline"  >A) Felder &#8211; Wellen &#8211; Strahlung ( NIS/EMV – Elektrosmog bis Störschall)</h1><div class='special-heading-border'><div class='special-heading-inner-border' style='border-color:#1e2a68'></div></div></div>
<section class="av_textblock_section"  itemscope="itemscope" itemtype="https://schema.org/CreativeWork" ><div class='avia_textblock '   itemprop="text" ><h4>Hilfreich nicht nur, wenn Sie EHS haben ( Elekthypersensibilität) sondern auch zur Behebung von technischen Problemen.<br />
==&gt;Messung von EMF bis ionisierende Strahlung (NIS/Elektrosmog). Diese umfassen acht verschiedene physikalische Grössen, einschliesslich Radioaktivität, Radon und Störschall.</h4>
</div></section>
<section class="av_textblock_section"  itemscope="itemscope" itemtype="https://schema.org/CreativeWork" ><div class='avia_textblock '   itemprop="text" ><p>Pflanzen, Tiere und Menschen sind elektromagnetische Lebewesen. Zellen, Gewebe, Organe und Organismen funktionieren nicht nur über chemische Reaktionen, sondern sind in ihrem funktionellen Ablauf in komplexen, nichtlinearen Prozessen eng mit internen und externen elektromagnetischen Vorgängen verbunden.</p>
<p>Felder, Wellen, Strahlung bezeichnet, kurz gesagt alles, was schwingt und physikalisch messbar ist. Dabei unterscheidet man verschiedene Arten:</p>
<h4>1) Elektrische Wechselfelder</h4>
<p>entstehen, egal ob Strom fliesst oder nicht. Wo elektrische Leitungen an die Stromversorgung angeschlossen sind, unter Spannung stehen, entstehen immer elektrische Wechselfelder.</p>
<h4>2) Magnetische Wechselfelder</h4>
<p>werden ausschliesslich durch technische Geräte bzw. elektrische Leitungen verursacht, und zwar immer dann, wenn Strom fliesst.</p>
<h4>3) Elektromagnetische Wellen (Hochfrequenz)</h4>
<p>kommen von: Rundfunksendern, Mikrowellenherden, schnurlosen und Mobiltelefonen, vor allem deren Basisstationen, Radar der Flugsicherung, Satelliten etc. UND immer mehr von inhouse Anwendungen:<br />
WLAN / Bluetooth &#8211; Internet of Things &#8211; IoT- LPWAN&#8217;s ( Lora; Sigfox); VoiP- und DECT Telefonen</p>
<h4>4) Elektrische Gleichfelder (Elektrostatik)</h4>
<p>sind bedingt durch Potenzialdifferenzen von elektrisch nicht oder schlecht leitfähigen Materialien zur elektrisch leitenden Erde.</p>
<h4>5) Magnetische Gleichfelder</h4>
<p>Das ungestörte natürliche Magnetfeld ist in sich homogen. Bei Messungen werden Veränderungen des natürlichen Magnetfeldes erfasst. Die Stärke der Veränderung gibt Aufschluss über Stör- und Belastungseinflüsse. Wir kennen die notwendigen Korrekturmassnahmen.</p>
<h4>6) Radioaktivität</h4>
<p>Eine gewisse «Hintergrundstrahlung» ist allerorts natürlich und unterliegt, je nach Geologie, relativ starken Schwankungen. Ein Grossteil der Konzentration jedoch, z.B. Radon im Innenraum, ist baulich bedingt. Wir messen <a href="https://www.radonexperte.ch/" target="_blank" rel="noopener">Radioaktivität/Radon</a> schnell und beurteilen richtig.</p>
<h4>7) Geologische Störungen</h4>
<p>Auf dem Bauplatz. Erdmagnetfeldverzerrungen und erhöhte Radioaktivität können wir mit physikalischen Messinstrumenten feststellen.  Für Innenraumbewertungen sind vorallem die Messungen unter 5) und 6) massgebend.</p>
<h4>8) Schallwellen/Störschall</h4>
<p>Nichts ist so subjektiv und individuell zu bewerten wie Störschall, nervende und lästige Geräusche. Die Bedeutung des leisen, meist sehr lästigen Schalls wird erst bei unseren spezifischen Messungen erfasst und die psychoakustische Auswertung situationsbedingt mit unseren Kunden individuell beurteilt.</p>
<h4>9) Licht &#8211; Qualität / biometrisches Licht</h4>
<p>Licht braucht der Mensch zum Leben. Es soll so natürlich wie möglich sein, damit auch die biologischen / biochemischen Prozesse beim Menschen geregelt ablaufen.<br />
HCL &#8211; Human Centric Lightning und oder biodynamisches Licht sind die Statements. Wir schauen auf Flimmer- und Flackerfreiheit, Lichtspektrum und Spektrum-Fülle, neben den tiefen elektrischen Feldern.</p>
</div></section>

<p>Zug Elektrosmog &#8211; NIS/EMF &#8211; EMV Messtechnik Schweizweit grösste Erfahrung mit schweizweitem Team</p>
